
Does 14 divide 2071?
False
Is 11 a factor of 415?
False
Does 8 divide 22398?
False
Is 8646 a multiple of 11?
True
Is 12 a factor of 129?
False
Is 6486 a multiple of 23?
True
Is 21510 a multiple of 45?
True
Is 3127 a multiple of 2?
False
Is 365 a multiple of 50?
False
Does 17 divide 2144?
False
Is 185 a multiple of 15?
False
Is 38190 a multiple of 95?
True
Is 1231 a multiple of 27?
False
Does 10 divide 154?
False
Is 15 a factor of 540?
True
Is 476 a multiple of 7?
True
Does 39 divide 1482?
True
Does 40 divide 169?
False
Is 338 a multiple of 36?
False
Is 15 a factor of 4455?
True
Is 2907 a multiple of 17?
True
Is 68068 a multiple of 17?
True
Is 2407 a multiple of 83?
True
Is 3332 a multiple of 98?
True
Does 18 divide 612?
True
Is 3 a factor of 1686?
True
Is 14 a factor of 967?
False
Is 9 a factor of 6309?
True
Does 11 divide 693?
True
Does 71 divide 16401?
True
Does 181 divide 6697?
True
Is 252 a factor of 41899?
False
Is 272 a multiple of 5?
False
Is 63 a factor of 2394?
True
Is 29790 a multiple of 18?
True
Is 4 even?
True
Is 2242 a multiple of 59?
True
Does 4 divide 5428?
True
Does 65 divide 130?
True
Is 2593 a multiple of 7?
False
Does 121 divide 2783?
True
Is 5149 a multiple of 125?
False
Is 10253 a multiple of 24?
False
Is 17 a factor of 595?
True
Is 3696 a multiple of 44?
True
Does 2 divide 1368?
True
Does 12 divide 1387?
False
Is 54 a factor of 648?
True
Does 74 divide 6822?
False
Is 3 a factor of 334?
False
Does 4 divide 1376?
True
Does 13 divide 12311?
True
Does 15 divide 2070?
True
Is 7196 a multiple of 28?
True
Does 11 divide 330?
True
Does 16 divide 672?
True
Does 2 divide 379?
False
Does 6 divide 2827?
False
Is 1824 a multiple of 76?
True
Is 25676 a multiple of 7?
True
Is 193 a factor of 5018?
True
Is 161 a factor of 26082?
True
Does 21 divide 74339?
False
Is 6 a factor of 1662?
True
Is 576 a multiple of 8?
True
Is 21 a factor of 8532?
False
Is 935 a multiple of 9?
False
Is 235 a multiple of 45?
False
Does 18 divide 479?
False
Does 101 divide 2424?
True
Does 9 divide 101?
False
Is 4188 a multiple of 5?
False
Is 168 a multiple of 4?
True
Does 31 divide 293?
False
Is 16 a factor of 69066?
False
Is 7 a factor of 24740?
False
Is 129 a factor of 516?
True
Is 115 a factor of 24380?
True
Is 5094 a multiple of 32?
False
Does 41 divide 3444?
True
Is 31861 a multiple of 161?
False
Is 35 a factor of 712?
False
Does 35 divide 3430?
True
Is 3 a factor of 28062?
True
Is 23 a factor of 34?
False
Is 8 a factor of 1730?
False
Is 8344 a multiple of 56?
True
Is 53940 a multiple of 38?
False
Is 343 a multiple of 4?
False
Is 2240 a multiple of 16?
True
Is 21 a factor of 344?
False
Is 18 a factor of 1233?
False
Is 5276 a multiple of 84?
False
Is 9 a factor of 9999?
True
Does 184 divide 34040?
True
Is 35 a factor of 286?
False
Does 24 divide 2328?
True
Is 73830 a multiple of 112?
False
Does 15 divide 1170?
True
Is 15453 a multiple of 101?
True
Does 249 divide 5778?
False
Is 2 a factor of 83?
False
Does 92 divide 1237?
False
Does 24 divide 1157?
False
Is 3657 a multiple of 69?
True
Is 83 a factor of 44074?
False
Does 14 divide 8034?
False
Is 7 a factor of 24824?
False
Does 6 divide 952?
False
Is 11 a factor of 6339?
False
Is 21 a factor of 2236?
False
Is 64061 a multiple of 29?
True
Is 7 a factor of 308?
True
Does 129 divide 4386?
True
Is 6895 a multiple of 197?
True
Is 36 a multiple of 4?
True
Is 26 a factor of 106236?
True
Is 34922 a multiple of 62?
False
Does 13 divide 10660?
True
Is 133 a multiple of 5?
False
Does 8 divide 4440?
True
Is 20104 a multiple of 12?
False
Is 292 a multiple of 73?
True
Is 1312 a multiple of 33?
False
Does 20 divide 400?
True
Does 95 divide 8599?
False
Is 10 a factor of 14250?
True
Is 3865 a multiple of 96?
False
Is 25392 a multiple of 276?
True
Is 97 a factor of 15229?
True
Is 195 a factor of 23179?
False
Is 19 a factor of 1425?
True
Is 3277 a multiple of 101?
False
Does 12 divide 156?
True
Does 18 divide 9504?
True
Is 1165 a multiple of 10?
False
Does 7 divide 1652?
True
Is 19558 a multiple of 254?
True
Does 17 divide 18802?
True
Is 4200 a multiple of 56?
True
Is 7984 a multiple of 24?
False
Does 30 divide 245?
False
Is 1729 a multiple of 61?
False
Does 33 divide 594?
True
Is 262 a factor of 66834?
False
Is 15 a factor of 53633?
False
Is 1650 a multiple of 30?
True
Does 21 divide 1575?
True
Is 246 a factor of 24600?
True
Is 90 a factor of 59879?
False
Does 6 divide 116?
False
Is 672 a multiple of 13?
False
Does 6 divide 1886?
False
Is 63465 a multiple of 15?
True
Does 19 divide 2318?
True
Is 52 a factor of 312?
True
Does 2 divide 155?
False
Is 51093 a multiple of 9?
True
Is 11103 a multiple of 113?
False
Is 7093 a multiple of 11?
False
Does 71 divide 64071?
False
Is 4982 a multiple of 276?
False
Does 13 divide 36008?
False
Is 2649 a multiple of 37?
False
Is 68 a multiple of 4?
True
Does 5 divide 55029?
False
Is 10 a factor of 898?
False
Is 22 a factor of 66?
True
Is 15 a factor of 330?
True
Is 26 a factor of 7462?
True
Is 191 a factor of 26475?
False
Is 891 a multiple of 27?
True
Is 101 a factor of 19924?
False
Is 73740 a multiple of 142?
False
Is 22421 a multiple of 13?
False
Is 31 a multiple of 31?
True
Is 338 a multiple of 21?
False
Is 13 a factor of 3133?
True
Is 9 a factor of 1999?
False
Is 20 a factor of 3411?
False
Is 418 a multiple of 18?
False
Does 31 divide 1356?
False
Is 3 a factor of 53?
False
Is 6 a factor of 15774?
True
Is 45 a factor of 2295?
True
Does 33 divide 52998?
True
Does 13 divide 75111?
False
Is 11607 a multiple of 3?
True
Is 10 a factor of 2860?
True
Does 33 divide 5049?
True
Is 8282 a multiple of 137?
False
Is 2818 a multiple of 13?
False
Does 9 divide 482?
False
Does 69 divide 1169?
False
Does 28 divide 4116?
True
Is 19 a factor of 2147?
True
Is 14 a factor of 49022?
False
Does 5 divide 158?
False
Does 33 divide 891?
True
Does 33 divide 10329?
True
Does 15 divide 3660?
True
Does 14 divide 476?
True
Is 21 a factor of 2307?
False
Does 53 divide 29020?
False
Does 7 divide 3479?
True
Is 2679 a multiple of 13?
False
Is 3 a factor of 5763?
True
Does 10 divide 46?
False
Is 24 a factor of 1128?
True
Is 11 a factor of 17880?
False
Is 13 a factor of 17393?
False
Is 52 a factor of 58233?
False
Does 61 divide 20066?
False
Is 28056 a multiple of 84?
True
Is 111 a factor of 2997?
True
Is 3521 a multiple of 2?
False
Is 9 a factor of 8739?
True
Is 12 a factor of 1020?
True
Is 131 a factor of 7613?
False
Is 11 a factor of 5181?
True
Does 18 divide 1877?
False
Does 47 divide 1590?
False
Is 1004 a multiple of 38?
False
Does 41 divide 1476?
True
Is 28 a factor of 584?
False
Is 28 a factor of 56280?
True
Is 2816 a multiple of 21?
False
Is 26901 a multiple of 11?
False
Is 22 a factor of 308?
True
Does 52 divide 50492?
True
Is 12 a factor of 3168?
True
Is 7 a factor of 98?
True
Is 6 a factor of 2388?
True
Does 45 divide 8370?
True
Is 4 a factor of 831?
False
Does 10 divide 600?
True
Is 8 a factor of 7659?
False
Does 26 divide 1066?
True
Is 23 a factor of 644?
True
Does 3 divide 4310?
False
Is 4182 a multiple of 102?
True
Is 37 a factor of 851?
True
Is 96 a factor of 9024?
True
Is 912 a multiple of 48?
True
Does 117 divide 7120?
False
Does 31 divide 527?
True
Is 8 a factor of 1112?
True
Is 32157 a multiple of 81?
True
Does 15 divide 1226?
False
Is 1089 a multiple of 33?
True
Is 9 a factor of 4500?
True
Does 30 divide 6910?
False
Does 87 divide 1392?
True
Is 204 a multiple of 12?
True
Is 24 a factor of 21648?
True
Is 24265 a multiple of 212?
False
Is 52440 a multiple of 152?
True
Does 13 divide 1702?
False
Is 285 a multiple of 15?
True
Does 219 divide 38544?
True
Does 60 divide 4353?
False
Is 9 a factor of 5922?
True
Is 103 a factor of 12643?
False
Is 1201 a multiple of 6?
False
Is 7425 a multiple of 15?
True
Is 37 a factor of 3623?
False
Does 73 divide 2089?
False
Is 6119 a multiple of 194?
False
Is 3 a factor of 949?
False
Does 70 divide 1546?
False
Is 4755 a multiple of 15?
True
Is 9 a factor of 249?
False
Is 70 a factor of 1196?
False
Is 26 a factor of 468?
True
Does 7 divide 2181?
False
Does 20 divide 437?
False
Does 31 divide 5981?
False
Is 5 a factor of 5800?
True
Is 18849 a multiple of 309?
True
Is 9 a factor of 450?
True
Does 12 divide 348?
True
Does 17 divide 1734?
True
Does 61 divide 4279?
False
Is 10 a fa